 c(m) = -m**3 + m**2. Let b(x) = 3*x**3 + 4*x**2 - 3*x + 2. Let a(h) = -b(h) - 2*c(h). Give a(-6).
-20
Let p(m) = -m - 2. Let k(l) = l**3 + 3*l**2 + 5*l + 8. Let f(n) = 2*n**3 + 2*n**2 + 5*n + 8. Let j(v) = -2*f(v) + 3*k(v). Let o be j(6). Determine p(o).
-4
Suppose -18 = 2*w + 4*w. Let q(l) = -l**3 + 3*l**2 + l + 1. Let d be q(3). Let p(b) = -1 + b**2 - b**3 + 4 - d*b**2. Give p(w).
3
Let f(s) be the third derivative of -s**5/60 - s**4/12 - s**3/6 + 3*s**2. Determine f(-3).
-4
Let i(y) = -2*y - 1. Let h = -41 + 36. Give i(h).
9
Let y(u) = u**3 - 3*u**2 - 5*u + 1. Let c = 50 + -46. Determine y(c).
-3
Let b(c) = 10*c. Let z = -4 - -10. Suppose -5*k - 1 + z = 0. What is b(k)?
10
Let h(b) = -4*b**3 - b**2 + 3*b + 8. Let g(s) = -5*s**3 + 3*s + 9. Let q(i) = 5*g(i) - 6*h(i). Determine q(5).
7
Let u(x) = -x**3 + 4*x**2 + 2*x - 3. Suppose -2*v = 0, m - 3*v + 4*v = 10. Let w(g) = -g**2 + 11*g - 6. Let a be w(m). Determine u(a).
5
Let f(j) = -j**3 - 6*j**2 - j - 1. Suppose -3*x = 12 + 6. What is f(x)?
5
Suppose -3*f + 3*z = -6*f + 15, -f + 4*z + 15 = 0. Let u(r) = -97*r**2 - f + 96*r**2 - 7*r - 1. Let d(w) = w - 2. Let b be d(-4). What is u(b)?
-2
Let q(g) = g**3 + 5*g**2 - 8*g - 8. Let t be q(-6). Suppose 3*s - t = -s. Let c(p) = 4*p**3 + 2*p - 1. Give c(s).
5
Let b(v) = v**2 - v - 2. Let x(q) = 2*q**2 - 5*q + 9. Let w(h) = h**2 - 2*h + 5. Let p(r) = -5*w(r) + 3*x(r). Let k be p(4). What is b(k)?
4
Let v(s) be the second derivative of -s**4/12 - 2*s**3/3 - 2*s**2 - 17*s. Determine v(-4).
-4
Let i(v) be the third derivative of v**6/120 - v**5/15 - v**4/24 - v**3/3 - 3*v**2. Let c = -10 - -14. Suppose 3*j = 5*o + j - 16, -c*o = -j - 14. What is i(o)?
-6
Let g(b) = b - 4. Let c be -3 + (-1)/(1/(-3)). Determine g(c).
-4
Let i = -1 + 1. Let p(t) be the second derivative of -t**6/360 - t**5/120 + t**4/8 - t**3/3 - t. Let z(o) be the second derivative of p(o). Calculate z(i).
3
Let b(f) = -f**3 + 3*f**2 - 3*f. Let d = -5 - -11. Let g(a) = a**3 - 5*a**2 - 6*a + 2. Let t be g(d). Calculate b(t).
-2
Let s = 0 - -2. Let l = -1 - s. Let i(r) = -r**3 - 4*r**2 - 2*r + 1. Give i(l).
-2
Let b(t) be the second derivative of -t**4/12 + 5*t**3/3 - 2*t**2 - 4*t. Let y be b(9). Let i(r) = -r**2 + 5*r - 3. Give i(y).
-3
Let m(w) = -13*w**3 + w - 4*w**2 + 5*w**3 + 5*w**3 + 2*w**3 + 3. Give m(-3).
-9
Let r(v) = -5*v - 1. Let a be r(-1). Suppose 5*y = 6 + 9. Let l(o) = -3 + a*o - o**2 + 0*o**3 + o**3 - y*o**2. Determine l(3).
0
Let f(d) = -2*d**2 + 6*d**2 - d**2 + d**3 - 6*d**2 - 3. Calculate f(3).
-3
Let n(f) = -3*f - 1. Let x(s) = s. Let l(t) = 6*t. Let a(i) = -l(i) + 5*x(i). Let c(m) = a(m) - n(m). Suppose 5*v + 21 = 3*v + 5*d, 3*d - 9 = 0. Determine c(v).
-5
Let m = 14 + -12. Let d(z) = -4*z + 1 - z**2 + 0*z**2 + m*z. Determine d(-4).
-7
Let f(y) be the second derivative of y**5/20 - 5*y**4/12 - y**3/3 + 3*y**2/2 + 8*y. Give f(5).
-7
Let u be 10*(1 - 0 - (-84)/(-60)). Let b(p) be the second derivative of p**4/12 + p**3/3 - 5*p**2/2 + p. Determine b(u).
3
Let b(n) be the third derivative of n**8/20160 - n**7/1260 + n**6/720 - n**5/60 + 5*n**2. Let p(k) be the third derivative of b(k). What is p(5)?
6
Suppose -4*a - 6 = -34. Let r = a - 4. Let f(z) = -z**2 + 2*z. What is f(r)?
-3
Let w(j) = -6 - 5*j + 0*j**2 + j**2 + 0. Let p = 15 + -10. Determine w(p).
-6
Let d(z) be the third derivative of -z**4/8 - z**3/6 - z**2. Suppose 2*b + 13 = 7. Give d(b).
8
Let k(x) = -4*x**3 + 4*x**2 + 26. Let h(q) = 11*q**3 - 11*q**2 - 77. Let b(u) = -3*h(u) - 8*k(u). What is b(0)?
23
Let m = 0 - -1. Let s(g) = -2 + g + 1 - m. Suppose -21 - 9 = 6*i. Determine s(i).
-7
Let j(k) = k**3 + k + 1. Let w be (-1 - 0)/1 - -4. Let t(v) = 0*v + 2 + 4 + 5*v**w - v**2 + 4*v. Let n(q) = 4*j(q) - t(q). Give n(0).
-2
Let a = -5 + 5. Let t be 1 - (-2 + 0) - a. Let n(p) = -3*p - t*p**2 - 4*p + 2*p**2. Determine n(-5).
10
Let s(d) = 4*d**2 - 2*d + d**2 - 238*d**3 + 237*d**3 - 2. Determine s(4).
6
Let i(c) = c**3 + c. Let n(w) = w**3 + 5*w**2 + 7. Let a(s) = -2*i(s) + n(s). Give a(5).
-3
Let q(a) = a**2 + 5*a + 7. Let v be 1 - 1*-2 - 0. Let b be (0 - 1) + v + -7. What is q(b)?
7
Let x(r) = -3*r. Suppose -4*j = 4*o - 3*j - 19, 0 = o + j - 7. Suppose 4*l - o = 2*c + 2*l, -5*c - 16 = l. Determine x(c).
9
Let n(g) = 4*g. Let o be n(1). Let w(d) = -5*d**2 - 4*d - 3. Let z(k) = 6*k**2 + 4*k + 3. Let v(y) = o*z(y) + 5*w(y). What is v(-4)?
-3
Let i be -1 - (-1)/(3 + -2). Suppose 0*q + q - 5 = i. Let u(r) be the first derivative of r**2 - 5*r - 1. What is u(q)?
5
Let c(f) be the third derivative of -f**7/840 + f**6/120 - f**5/60 - f**4/24 + f**3/2 - 2*f**2. Let w(y) be the first derivative of c(y). Give w(3).
-7
Let f(j) = 8 + 0*j + j + 0*j - 3*j**2 + 2*j**2. Calculate f(0).
8
Let m be -5 - -14 - (0 - 1). Let t be 15*(-1 + 2)/3. Let i(c) = 3*c + t*c**2 + m - 3 + c - c**3. What is i(6)?
-5
Let b(p) be the first derivative of -p**4/4 + 5*p**3/3 + 5*p**2/2 - 3*p + 5. Determine b(6).
-9
Let d(c) be the third derivative of c**4/24 + c**3 + 15*c**2. What is d(-8)?
-2
Let m(b) = -7*b**2 - 4*b - 7*b - 6 + 5*b - b**3. Calculate m(-6).
-6
Let a(o) be the third derivative of o**6/120 - 11*o**5/60 - 11*o**4/24 - 7*o**3/6 + 14*o**2. Calculate a(12).
5
Let j(z) = 5 + 1 + 21*z**2 - z**3 - 27*z**2. Suppose -5*c + 0*c = -25, -4*p - 2*c - 14 = 0. Determine j(p).
6
Let d(v) be the first derivative of -v**6/120 + v**5/60 + v**4/8 + v**3/3 + 5*v**2/2 - 6. Let r(i) be the second derivative of d(i). Determine r(3).
-7
Let r(v) = 2*v - 1. Let g(x) = -7*x - 7. Let s(k) = g(k) + 3*r(k). Suppose 0 = -i - 2*i. Determine s(i).
-10
Let m(b) = -b**2 - 2*b. Suppose 3*p = 4*p - 5. Suppose -p = -2*f + f. Suppose 2*t + 15 = y + 5, 4*y = f*t + 31. Determine m(t).
-3
Let j(x) be the second derivative of 0 - x + 1/6*x**3 - 1/2*x**2. Let f be (-4)/(-10) + (-3)/(-5). Determine j(f).
0
Let o(s) be the third derivative of -s**5/60 - s**4/3 + s**3 + 10*s**2. Let l be o(-8). Let q(n) = -n**3 + 5*n**2 + 8*n. What is q(l)?
12
Let o(j) = j**2 - 10*j - 3. Let y be (-3)/6 + 51/6. Suppose -2 = -p + y. Let d be o(p). Let g(r) = r**2 + r - 3. Calculate g(d).
3
Let v(b) = -3*b - 42. Let g be v(-13). Let j(n) = -n**2 - 4*n + 1. Determine j(g).
4
Let c be -1 + (0 - 0) - -1. Let q = c + 2. Let g(y) = y + y**q + 3 - 2 - 3*y. Give g(2).
1
Let k(m) = m**3 - 3*m**2. Let p be k(3). Let o(h) be the second derivative of h**3/6 - 6*h**2 - 33*h. Calculate o(p).
-12
Let z(l) be the third derivative of -3*l**2 + 0 + 0*l**3 - 1/60*l**5 + 0*l + 1/24*l**4. Calculate z(3).
-6
Let t(c) be the second derivative of c**4/2 + c**2/2 - c. Let w be -2*((-5)/2 - -2). What is t(w)?
7
Let q = 124 - 123. Let a(f) = -f - 3*f + 6*f - 1 - 2*f**3 - 2*f**2. Give a(q).
-3
Let z(q) = -22*q - 153. Let f be z(-7). Let c(h) be the third derivative of -3*h**5/20 - h**3/6 - h**2. Give c(f).
-10
Suppose 4*n - 4 = 0, 10*f - 5*f = -4*n + 24. Let k be (8/(-3))/f*6. Let r(c) be the first derivative of c**3/3 + 2*c**2 - 5*c - 3. Calculate r(k).
-5
Let h(g) = 2*g**2 - 3*g**2 - 11 - g - 7*g. Let t be h(-6). Let i(z) = -3*z - 1. What is i(t)?
-4
Let w(v) = -6*v**2 - 6*v - 4. Let y(x) = -x**2. Let d = 3 + -2. Let a(f) = d*w(f) - 5*y(f). Suppose -5*q = -0*b + 2*b + 34, -3*q + 5*b - 8 = 0. What is a(q)?
-4
Let k(s) = 4*s**3 + s**2 + s + 4. Let y(o) = -o**3 + o**2 + o. Let a = 11 - 8. Let c(w) = a*y(w) + k(w). Give c(-3).
1
Suppose 2*p - 6*p - 2*g = -8, -p - g + 2 = 0. Let u(d) = -p - d - 1 + 0*d. Calculate u(4).
-7
Let x(j) = -3*j + j - 3*j. Let g be 1*((-3)/(-3) + -2). Let r(a) = a. Let h(p) = g*x(p) + 4*r(p). Give h(-1).
-9
Let k(h) be the second derivative of -h**3/6 - 4*h**2 - 40*h. What is k(0)?
-8
Suppose 3*n + 9 = -3*x, -5*x + 0*n = n - 5. Let g(s) = s + 2*s**2 - 3*s**2 - 2*s. Determine g(x).
-6
Let n(w) = w - 2*w**2 - 2*w - 13 - 2*w**2 + 5*w**2. Give n(0).
-13
Let q(z) = -8*z**2 + 8*z**2 + 3*z**2 - 2*z**2 - 7 - 7*z. Determine q(7).
-7
Let r(k) = k**3 + k**2 + k - 1. Let f(m) = 5*m**3 + 10*m**2 + 2*m - 12. Let t = -8 - -4. Let i(o) = t*r(o) + f(o). Give i(-6).
4
Let q = -3 + 9. Let l(j) = -1 - 2 + j + 0*j**2 - j**2 - q. What is l(0)?
-9
Let l(h) = -h**2 - 7*h - 7. Let u = -11 + 40. Let y be 2/6*3*3. Suppose -y*c + u = -4*x, 2*x - 4*c + 3*c + 13 = 0. Give l(x).
3
Let d = -22 - -40. Let f = 13 - d. Let k(c) = -c**2 -